4, i - 5*o = 24. Let s = l - i. What is the tens digit of s?
3
Suppose -28*n + 25*n + 14160 = 0. What is the tens digit of n?
2
Suppose 2*l = 5*n - 177142, -44*n + 4*l = -42*n - 70876. What is the ten thousands digit of n?
3
Suppose -2766 = -3*a + 44*p - 45*p, -2*a + p + 1839 = 0. Suppose 5130 - a = 23*f. What is the hundreds digit of f?
1
Suppose 0 = 140*v - 147*v + 148568. What is the ten thousands digit of v?
2
Suppose 0 = -c + 4*c - 9. Suppose -r = y - 613 - 343, -4*r + c*y + 3852 = 0. Suppose 6*v - r = -0*v. What is the hundreds digit of v?
1
Suppose 0 = 5*h - 3*f - 990, 2*f = 5*h - 544 - 446. Let a = h - -581. What is the tens digit of a?
7
Suppose -119*s + 99440 = -109*s. Suppose -9*b + 163 + s = 0. What is the tens digit of b?
2
Suppose -3*s + 69 = 21. Suppose 0 = -15*k + 7*k + s. Suppose 0 = -j - k*j + 336. What is the hundreds digit of j?
1
Suppose -4*n - 4*b = -13852, -3447 = 141*n - 142*n - 5*b. What is the units digit of n?
7
Suppose -223*b + 27027 = -221*b - i, -5*b + i + 67569 = 0. What is the thousands digit of b?
3
Let q = 12611 + -7942. What is the units digit of q?
9
Let v = 1509 + -200. Suppose 3*b + 2*t + 189 = v, -2*b = t - 747. What is the hundreds digit of b?
3
Suppose 15607 - 188 = 17*z. What is the tens digit of z?
0
Let k(v) = 3*v**3 - v**2 + 18*v + 2. Let o be k(9). Suppose -o = -5*z - 685. What is the hundreds digit of z?
3
Let k = -2068 + 2213. Let z be (-3)/(3/(-4)*1). Suppose 5*t - 41 = -2*i + i, -z*t + k = 3*i. What is the units digit of i?
1
Suppose o + 159 = 2*o. Suppose 108 = 2*g - 0*g + 5*x, 3*x + 120 = 3*g. Let b = o + g. What is the units digit of b?
3
Suppose 0 = -63*r + 65*r + 3320. Let p = -1176 - r. What is the units digit of p?
4
Let d(t) = t**3 - 11*t**2 + t - 15. Let z be d(11). Let c(v) = 7*v**3 + 2*v**2 + 5*v + 6. Let y be c(z). Let p = -293 - y. What is the tens digit of p?
3
Let m be (-112)/(-84)*9/4. What is the hundreds digit of (m - 11)*611/(-26)?
1
Let l(u) = -2*u**2 - u - 2. Let f(i) = 17*i**2 + 5*i + 5. Let g(s) = f(s) + 2*l(s). Let j be (-4)/(-14) - 32/14. What is the tens digit of g(j)?
4
Suppose 4*u - 6 = -w + 5, -4*u + 4*w + 36 = 0. Let z(t) = t + 19. Let j be z(u). Suppose -199 = -n - j. What is the tens digit of n?
7
Let o be 0*(3 + 35/(-10)). What is the units digit of (-38)/(2/(-3) + o)?
7
Let i be 1*-3169 + (-7 - -11). What is the tens digit of (5/((-50)/i))/(3/4)?
2
Suppose -w = -a - 11604, 3*a - 58080 = -5*w - 2*a. What is the thousands digit of w?
1
Let b = -219 - -219. Suppose m - 4*h = 214, m + h = -b*h + 204. What is the hundreds digit of m?
2
Let i be (-72)/(-54)*606/(-4). Let c = i + 208. What is the units digit of c?
6
Suppose 92*t = 93*t - 9, h = -5*t + 18589. What is the tens digit of h?
4
Let t = 1455 - 1454. Suppose -620 = -2*x + 4*x. What is the hundreds digit of 3 - (x/2 + t - 0)?
1
Suppose 120825 - 4317 - 9924 = 12*x. What is the hundreds digit of x?
8
Let h = -36 + 39. Suppose h*p = 992 + 154. Suppose 4*j = 4*l + 384, 3*l + p = 2*j + 2*j. What is the tens digit of j?
9
Let c(i) be the first derivative of 4*i**3/3 + 9*i**2 - 3*i + 85. What is the units digit of c(-13)?
9
Let s = 10523 - 6623. What is the thousands digit of s?
3
Let o(p) be the first derivative of 8*p**3/3 + 9*p**2/2 - 6*p + 22. What is the hundreds digit of o(7)?
4
Suppose -r + 3*g = -750, -60*r + 62*r - 1480 = 2*g. Let h = -467 + r. What is the units digit of h?
8
Let x be 4698/(-5) + (-5 - 280/(-50)). Let f = x + 1751. What is the tens digit of f?
1
Let b be 3*(-32)/18*3/(-2). Suppose b*x - 2*x = -2*x. Suppose x = -7*i + 12*i - 65. What is the units digit of i?
3
Let i(o) = 6*o - 28 + 5*o + 2*o - 6*o. Let y be i(4). Suppose -3*j + 3*f + 381 = -y*j, 5*j - 644 = -4*f. What is the tens digit of j?
2
Let p be 4 + 6 + 1 + (-1 - 2). What is the tens digit of (168 - (-6 + p)) + (-12)/(-3)?
7
Let m(v) = -162 + 145 - 4*v + 2*v. Let d be m(-6). What is the tens digit of 1/d + (-2 - (-1656)/30)?
5
Suppose 0 = 25*n - 24*n - 2*g - 1262, 3*n = 4*g + 3798. What is the thousands digit of n?
1
Let t(w) be the third derivative of 7*w**5/60 + w**4/6 - 7*w**3/6 + 86*w**2. What is the units digit of t(-7)?
8
Suppose 5169 - 1995 = 23*b. Let i = 448 + b. What is the hundreds digit of i?
5
Let t(z) be the first derivative of -6*z**2 + 46*z + 1. Let u = -15523 - -15515. What is the units digit of t(u)?
2
Let f = -6570 - -76393. What is the tens digit of f?
2
Let h = -27 + 15. Let c be (-186)/h + 1/2. Suppose 20*b = c*b + 312. What is the tens digit of b?
7
Let c(u) be the second derivative of 5*u**4/6 - u**3/6 - 3*u**2/2 + 13*u + 1. What is the tens digit of c(-3)?
9
Let a(p) = p + 13. Suppose 41 = -3*f + 167. Suppose 3*c = -5*w - 32, -3*c + 8*c + f = 3*w. What is the units digit of a(c)?
4
Suppose 4*w - 164 = -144, -4*w = m - 1758. What is the tens digit of m?
3
Suppose -25 = -4*u + 5*a, -u - 2*a + 4 = 14. Let z(w) = -w - 104. Let f(h) = -4*h - 217. Let b(v) = 3*f(v) - 7*z(v). What is the tens digit of b(u)?
7
Suppose 60 - 40 = 4*k. Suppose -4*g - 3*j = -65 - 3986, -k*g + 5064 = 4*j. What is the units digit of g?
2
Let u(x) = 6268*x + 48. Let h be u(4). Suppose 53*w = 13*w + h. What is the units digit of w?
8
Let c(y) = -y**3 + 9*y**2 - 2*y. Let b(g) = -4*g - 17. Let k be b(-6). What is the units digit of c(k)?
4
Suppose 4*a + 13*n + 9 = 10*n, 3*a - 3*n = 9. Suppose a = -2*h + 7*h - 25, 4*p + 5*h - 917 = 0. What is the units digit of p?
3
Suppose 2*w + 26 = -j - 2, 0 = -5*w + 3*j - 48. What is the hundreds digit of (20/(-25))/(w/2670)?
1
Let d(n) = -4*n - 140. Let z(j) = 2*j + 69. Let g(c) = -4*d(c) - 7*z(c). Let q = 47 - 32. What is the tens digit of g(q)?
0
Suppose -4*n + 3*u + 1792 = 0, -5*n - u = -3*n - 896. Suppose 15*b - 3013 = -n. What is the hundreds digit of b?
1
Let b(v) = 7*v**2 - 302*v + 22. Let c be b(43). Let g(p) = 2*p**2 + 24*p - 102. What is the tens digit of g(c)?
7
Suppose -f + 2 - 8 = 0. Let s(a) = 2*a**3 - 5*a**2 - 12*a. Let k be s(5). What is the units digit of (1/f - 68/(-120))*k?
6
What is the hundreds digit of (9258/(-9) + 0)*(6237/18)/(-21)?
9
Let p(j) be the first derivative of 5*j**3/3 - j + 12. Let l be p(-1). Suppose r - 121 = -4*i, -4*i - 236 - 188 = -l*r. What is the units digit of r?
9
Suppose -v = -5*x + 104132, 83311 = 602*x - 598*x + v. What is the thousands digit of x?
0
What is the hundreds digit of 8 + -9 + 5 + 6 + 17545?
5
Suppose 9*r + 1189 - 28 = 0. Let z be -2 + (-2 - -2) - 21. Let q = z - r. What is the tens digit of q?
0
Let y = 17101 + -2557. What is the tens digit of y?
4
Let i(u) = u**3 + 11*u**2 + 11*u + 12. Let a be i(-10). Let y(g) be the second derivative of g**3 - 4*g**2 + 2*g + 3. What is the units digit of y(a)?
4
Let i(w) = -w + 3. Let n be i(4). Let t = -859 + 900. Let p = t + n. What is the units digit of p?
0
Suppose s + 447 = -3*c + 57, -s + 513 = -4*c. Let b = -24 - c. What is the tens digit of b?
0
Let s(q) = 2*q**3 + 2*q**2 + 4. Let o be s(7). Suppose -o - 376 = -6*t. What is the tens digit of t?
9
What is the tens digit of (-198)/1*((-980)/60 + -12)?
1
Let j(p) be the second derivative of 21*p**4/8 - 13*p**3/6 + 21*p**2/2 + 29*p. Let r(f) be the first derivative of j(f). What is the tens digit of r(3)?
7
Let s = 168 - 159. Suppose -s*w = -8*w - 446. What is the units digit of w?
6
Suppose 8 - 1 = -s. Let x be (s/((-35)/(-20)))/(2/(-15)). What is the tens digit of 32/240 + 2276/x?
7
Let o = 61647 - 26188. What is the ten thousands digit of o?
3
Suppose 0 = -5*k + 2*v + 106 + 14, -5*v = 0. Let z be k/(4 - 2)*13/(-4). What is the units digit of ((-2)/8 - z/12) + -2?
1
Let l = -14006 - -30788. What is the tens digit of l?
8
Let z be 92/2 + (-19 - -22). Let j = -54 + z. What is the tens digit of (-241)/(-5) - 1 - (-1)/j?
4
Suppose 0 - 48 = -24*c. Suppose -g - c*q + 61 + 428 = 0, 2*g + 5*q = 974. What is the tens digit of g?
9
Let c(k) = 28*k**2 + 20*k - 17. Let v(r) = 19*r**2 + 13*r - 11. Let y(a) = -5*c(a) + 8*v(a). Let z be (-1 + 1 - 0) + 2. What is the units digit of y(z)?
3
Let k(r) = -4*r**2 - 348*r + 180. What is the hundreds digit of k(-26)?
5
Let t(i) = i**2 - 3 + 261*i + 22*i**3 + 263*i - 519*i. What is the units digit of t(2)?
7
What is the hundreds digit of 16983 + (-16 - (-3 - 5))?
9
Let l(y) = 14*y**2 + 2*y - 8. Let u be l(3). Suppose 148 - u 